
26
Suppose -d + 42 - 297 = 0. Let p = d + 259. What is the highest common divisor of 32 and p?
4
Let s be 37 - (-1 - 0 - -2). Let n = -69 - -104. Suppose 7 + 413 = n*f. Calculate the greatest common factor of s and f.
12
Suppose 4*k - 16 = 28. Suppose -8*f + 455 = -57. Let a = f + -53. Calculate the highest common divisor of a and k.
11
Let l be ((-2 - 0) + 0)*-6. Let f be 6*(-291)/(-30) - 296/(-370). Suppose 0 = f*q - 61*q + 48. Calculate the highest common factor of q and l.
12
Suppose 4*u - 141 = -7*h + 2*h, -2*u + h + 81 = 0. Calculate the highest common divisor of u and 377.
13
Let a be (-20)/(-3)*(43/13 + (-32)/104). What is the highest common factor of 2980 and a?
20
Let i be (-6)/(-3)*32301/666. Let s = -182 - -376. Calculate the greatest common factor of i and s.
97
Let m(j) = -j**2 + 6*j + 4. Let b be m(6). Let y be 98/(-3)*3*b/(-8). Let q = 3 + y. What is the highest common factor of 78 and q?
26
Let f(u) = -11*u + 3 - 16*u - 8 + 8*u + 2. Suppose -4*t + 1 = 9. Let h be f(t). Calculate the highest common factor of h and 7.
7
Let o = -317 + 305. Let l(v) = -v**2 - 6*v + 78. Let t be l(o). What is the greatest common divisor of t and 44?
2
Let i be 99 + 13 + 5/1. Suppose 22*r + i = 3505. What is the greatest common divisor of 56 and r?
14
Let z(j) = -23*j + 1209. Let r be z(52). Calculate the highest common factor of r and 6747.
13
Let b(t) = -2 + 3 + 2 + 1 - 3*t + 5*t**2. Suppose -5*n = -4*n + 7. Let x be b(n). What is the highest common divisor of 27 and x?
27
Let s be (-27)/(-3)*(-1108)/(-6). Let h = 2763 - s. Suppose 4*f - 3*i - h = 0, -4*f + 3*i + i + 1096 = 0. What is the highest common factor of 31 and f?
31
Let j(a) = 3*a**2 - 5*a + 6. Let g be j(1). Suppose -g*m = -146 - 50. What is the highest common divisor of 392 and m?
49
Let s(l) = 26*l**2 + 3*l + 150. Let m be s(0). Calculate the highest common factor of m and 12.
6
Let w be 4/30 - 412/(-60). Let y(k) = -k**3 + 8*k**2 - k - 12. Let u be y(w). Let j be ((-12)/u)/((-2)/35). Calculate the greatest common factor of 77 and j.
7
Let u be (-26 - -1)*(-10)/25. Suppose -398 = -u*d + 62. Calculate the greatest common factor of d and 368.
46
Let s = -188 + 111. Let h = s + 110. Calculate the highest common factor of 6 and h.
3
Let b = -211 - -199. Let t(n) = -3*n**2 - 36*n + 1. Let i be t(b). Calculate the highest common divisor of 4 and i.
1
Let b(q) = q**3 - 18*q**2 - 3*q + 352. Let s be b(17). What is the greatest common factor of 29 and s?
1
Let z = 4 - -58. Suppose 0 = 7*k + z - 454. Calculate the highest common divisor of k and 24.
8
Suppose 672 = 4*d - 4*f, 0*f = 2*f + 12. Calculate the highest common divisor of d and 18.
18
Let u be 5288/18 + 1235/171 + -7. Calculate the highest common divisor of 63 and u.
21
Suppose 0*y = -4*z - y + 26, 5*z = -5*y + 40. Let q(s) = 4*s**2 - 12*s + 8. Let v be q(z). Calculate the greatest common factor of v and 16.
16
Suppose 0 = 3*z - 8*z + 445. Suppose -3*j + 69 = 3*h, 5*j - j + 3*h - z = 0. Calculate the highest common divisor of j and 160.
20
Suppose -348*d - 96 = -364*d. Calculate the highest common divisor of 1518 and d.
6
Let k(q) = 4*q**2 + 7*q - 177. Let x be k(-10). What is the greatest common factor of 99 and x?
9
Let g be 3542 - (16 + (-34 - -11)). Calculate the highest common factor of 6 and g.
3
Let u(l) = 9*l - 189. Let b be u(22). Suppose -b*g = -11*g + 736. What is the highest common factor of g and 23?
23
Let p = 5507 - 5174. Calculate the highest common factor of 703 and p.
37
Suppose 20*s - 15*s = 0. Suppose f + 2 = -s, -g = -5*f - 65. Calculate the greatest common divisor of 165 and g.
55
Let d = 4672 + -4663. Calculate the highest common divisor of d and 9.
9
Let n(f) = 77*f - 528. Let h be n(9). Let y = 25 - -74. Calculate the greatest common factor of y and h.
33
Let i(r) = -3*r - 35. Suppose -2*w - 40 - 12 = 5*b, 0 = 3*w - 5*b + 53. Let k be i(w). Calculate the highest common divisor of 406 and k.
14
Suppose 0 = 5*r + 2181 - 8451. Suppose b - 23*b + r = 0. What is the greatest common factor of 152 and b?
19
Let m(x) = 2*x**2 - 17*x + 40. Let c be m(3). Let v(s) = 2*s. Let k be v(0). Suppose -5*p + p + 112 = k. What is the greatest common factor of p and c?
7
Let h = -45 - -91. Let q = 26 + h. What is the greatest common factor of q and 27?
9
Let r = -8794 - -9319. Calculate the highest common factor of r and 63.
21
Suppose -335*c = -42*c - 7618. What is the highest common divisor of c and 4147?
13
Let f(p) = 7*p - 7. Suppose -v - 22 = v - 3*a, 0 = 4*v - 2*a + 28. Let r be f(v). Let d be (-312)/10*140/r. What is the highest common divisor of 13 and d?
13
Let u = -463 + 543. Suppose -3*t + 89 = -2*z - 1, 3*t - 102 = -2*z. What is the highest common divisor of u and t?
16
Let t(n) = -n**3 + 8*n**2 - 2*n - 2. Let y = 33 - 27. Let a be t(y). Suppose -o = -a + 11. Calculate the highest common factor of o and 47.
47
Let w = 6551 - 6401. Calculate the greatest common factor of w and 12450.
150
Let b(j) = -22*j**2 + 623*j + 42. Let l be b(28). Calculate the greatest common divisor of l and 14.
14
Suppose 4*a = 5*t + 22, 4*a = a - 3*t + 3. Let m be ((-28)/a)/((-1)/3 - 0). Let r = m - 0. What is the greatest common divisor of r and 7?
7
Let n(q) = 18*q**2 + 74*q - 64. Let z be n(-5). What is the highest common factor of 1936 and z?
16
Suppose 11 = n - 25. Let p(o) = 6*o**2 - 644*o + 1291. Let w be p(2). What is the highest common factor of n and w?
9
Let s be 9/(3 - 51/18). Let i = 1590 + -888. What is the highest common divisor of s and i?
54
Let u(k) = 21*k + 2. Let w be u(2). Let v(s) = 1086*s + 39668. Let c be v(-36). What is the greatest common divisor of c and w?
44
Let u(d) = -d**3 + 24*d**2 + 42*d - 46. Let o be u(14). What is the highest common factor of o and 36?
18
Let j be -1*(-128 + 2 + (-6)/3). Let r = 240 - j. What is the highest common divisor of 14 and r?
14
Let h(w) = 300*w - 3082. Let n be h(11). Calculate the greatest common divisor of n and 34.
2
Let f = 295 + -298. Let l be f + -1 - (70 - -3)*-1. Calculate the highest common divisor of l and 161.
23
Let c(f) = -40*f - 2. Let r be c(-5). Suppose -2*l + r = -0*l. Let m = 13 + -4. What is the highest common divisor of m and l?
9
Suppose 49 = 5*g - 3*r - 29, -5*g - 5*r + 110 = 0. Let y = 156 + -152. What is the greatest common divisor of y and g?
2
Let q(p) = 18*p**2 + p + 2. Let k be q(-2). Let x(z) = -17*z**3 - 255*z**2 - 5*z + 24. Let b be x(-15). What is the highest common divisor of k and b?
9
Suppose 8*m - 4600 = 75370 + 13198. Calculate the highest common factor of m and 36.
18
Let o be 2/(-5) + 17/5. Let n(k) = 9*k**2 - 3*k + 9. Let i be n(o). Calculate the highest common divisor of i and 3.
3
Let a = 573 + -249. Suppose -17*b = -1259 + a. Calculate the greatest common divisor of 22 and b.
11
Suppose 329 = 8*w + 1001. Let a = -48 - w. Let s be (27/a)/(2/96). What is the highest common divisor of 48 and s?
12
Let p = 10039 - 9260. Calculate the greatest common divisor of 19 and p.
19
Suppose -306 = -m - 4*k, 278*m - 279*m + 2*k + 306 = 0. Let u = 27 + -10. What is the highest common factor of m and u?
17
Suppose -42*h + 41*h = -2*d - 306, -3*h + 922 = -4*d. Calculate the highest common divisor of h and 70.
10
Let l(p) = -p**3 - 29*p**2 - 194*p - 56. Let a be l(-19). Suppose c - 49 - 61 = 0. Calculate the greatest common divisor of c and a.
10
Let m = -104 + 108. Suppose -12*u = -m*u - 160. Let l be ((-32)/(-3))/(u/930). What is the greatest common divisor of 62 and l?
62
Let o be 306/(-17) + 7 + 185. What is the highest common divisor of 2436 and o?
174
Let x = -15 - -16. Let h be (5*-1)/((-35)/14). Suppose 5*t + h*b = 45, 3*t + b - 25 = 1. What is the greatest common divisor of x and t?
1
Let q(t) = 28*t**2 - 600*t - 324. Let m be q(22). What is the greatest common factor of 10822 and m?
14
Let r be -2*1/(-4)*(-52 + -8). Let k(y) = y**2 - 7*y + 4. Let i be k(7). Let l be 34/(-5*i/r). Calculate the greatest common divisor of l and 51.
51
Let a = 264 + -526. Let m = a - -301. Let l be -3 + 2 - (-52 + -1). What is the highest common divisor of l and m?
13
Let b = -52 + 76. Let h = 79 - 74. Suppose 3*n - 6 = 0, h*n + 104 = 3*y + 3*n. What is the greatest common factor of y and b?
12
Suppose 179*x + 73*x = 4015 + 2033. Let q(j) = -69*j - 2. Let f be q